{"id":27334,"date":"2024-12-19T01:37:40","date_gmt":"2024-12-19T01:37:40","guid":{"rendered":"https:\/\/ferreticamx.com\/index.php\/producto\/monterrey-cemento-gris-cpc30r-extra-25-kg-saco-2\/"},"modified":"2024-12-19T01:37:40","modified_gmt":"2024-12-19T01:37:40","slug":"monterrey-cemento-gris-cpc30r-extra-25-kg-saco-2","status":"publish","type":"product","link":"https:\/\/ferreticamx.com\/index.php\/producto\/monterrey-cemento-gris-cpc30r-extra-25-kg-saco-2\/","title":{"rendered":"Monterrey, Cemento Gris Cpc30R Extra 25 Kg, Saco"},"content":{"rendered":"<p>Caracter\u00edsticas<br \/>\nDise\u00f1ado especialmente para reducir la aparici\u00f3n de grietas generadas por contracci\u00f3n pl\u00e1stica hasta en un 80%. Brinda a la mezclas mayor cohesi\u00f3n adherencia y trabajabilidad a\u00fan con agregados dif\u00edciles. Permite que tanto la arena la grava el cemento y el agua se mantengan unidos dentro de la masa de concreto evitando la segregaci\u00f3n y sangrado en exceso lo que facilita los procesos de preparaci\u00f3n colocaci\u00f3n y curado.<\/p>\n","protected":false},"excerpt":{"rendered":"<p>Monterrey, Cemento Gris Cpc30R Extra 25 Kg, Saco<\/p>\n","protected":false},"featured_media":27333,"comment_status":"open","ping_status":"closed","template":"","meta":{"_et_pb_use_builder":"","_et_pb_old_content":"","_et_gb_content_width":""},"product_brand":[],"product_cat":[446],"product_tag":[],"class_list":{"0":"post-27334","1":"product","2":"type-product","3":"status-publish","4":"has-post-thumbnail","6":"product_cat-costruccion","8":"first","9":"instock","10":"taxable","11":"shipping-taxable","12":"purchasable","13":"product-type-simple"},"_links":{"self":[{"href":"https:\/\/ferreticamx.com\/index.php\/wp-json\/wp\/v2\/product\/27334","targetHints":{"allow":["GET"]}}],"collection":[{"href":"https:\/\/ferreticamx.com\/index.php\/wp-json\/wp\/v2\/product"}],"about":[{"href":"https:\/\/ferreticamx.com\/index.php\/wp-json\/wp\/v2\/types\/product"}],"replies":[{"embeddable":true,"href":"https:\/\/ferreticamx.com\/index.php\/wp-json\/wp\/v2\/comments?post=27334"}],"wp:featuredmedia":[{"embeddable":true,"href":"https:\/\/ferreticamx.com\/index.php\/wp-json\/wp\/v2\/media\/27333"}],"wp:attachment":[{"href":"https:\/\/ferreticamx.com\/index.php\/wp-json\/wp\/v2\/media?parent=27334"}],"wp:term":[{"taxonomy":"product_brand","embeddable":true,"href":"https:\/\/ferreticamx.com\/index.php\/wp-json\/wp\/v2\/product_brand?post=27334"},{"taxonomy":"product_cat","embeddable":true,"href":"https:\/\/ferreticamx.com\/index.php\/wp-json\/wp\/v2\/product_cat?post=27334"},{"taxonomy":"product_tag","embeddable":true,"href":"https:\/\/ferreticamx.com\/index.php\/wp-json\/wp\/v2\/product_tag?post=27334"}],"curies":[{"name":"wp","href":"https:\/\/api.w.org\/{rel}","templated":true}]}}