{"id":27406,"date":"2024-12-19T01:46:01","date_gmt":"2024-12-19T01:46:01","guid":{"rendered":"https:\/\/ferreticamx.com\/index.php\/producto\/mezcladora-para-fregadero-manerales-palanca-acero-inox-aqua-2\/"},"modified":"2024-12-19T01:46:01","modified_gmt":"2024-12-19T01:46:01","slug":"mezcladora-para-fregadero-manerales-palanca-acero-inox-aqua-2","status":"publish","type":"product","link":"https:\/\/ferreticamx.com\/index.php\/producto\/mezcladora-para-fregadero-manerales-palanca-acero-inox-aqua-2\/","title":{"rendered":"MEZCLADORA PARA FREGADERO, MANERALES PALANCA, ACERO INOX. AQUA"},"content":{"rendered":"<p>CARACTER\u00cdSTICAS<br \/>\nFunciona con baja presi\u00f3n<br \/>\nCuerpo de lat\u00f3n para m\u00e1xima duraci\u00f3n<br \/>\nManerales met\u00e1licos, cuello y charola de acero inoxidable<br \/>\nCartucho cer\u00e1mico de suave y f\u00e1cil apertura<br \/>\nMEZ-001<br \/>\nTriple-cromo, brillo y resistencia<br \/>\n49687-04-FC<br \/>\n1\/4 de Vuelta<br \/>\nNOR-26<br \/>\nGAR-4<br \/>\n49687-02<br \/>\nDistancia entre taladros<br \/>\n49687-01<br \/>\nVivienda ecol\u00f3gica<br \/>\n49687-03<br \/>\nNORMA<br \/>\nCumple la norma NMX-C-415-ONNCCE<br \/>\nESPECIFICACIONES<br \/>\nDistancia entre taladros\t8&#8243;<br \/>\nPresi\u00f3n m\u00ednima requerida\t0.25 kgf\/cm\u00b2<br \/>\nTipo de cierre (giro)\t1\/4 de vuelta (90\u00b0)<br \/>\nDimensiones de la charola\t5.2 cm x 25.0 cm<br \/>\nPeso\t790 g<br \/>\nInner\t4<br \/>\nEmpaque individual\tCaja<br \/>\nMaster\t24<br \/>\nPallet\t192<\/p>\n","protected":false},"excerpt":{"rendered":"<p>MEZCLADORA PARA FREGADERO, MANERALES PALANCA, ACERO INOX. AQUA<\/p>\n","protected":false},"featured_media":27405,"comment_status":"open","ping_status":"closed","template":"","meta":{"_et_pb_use_builder":"","_et_pb_old_content":"","_et_gb_content_width":""},"product_brand":[],"product_cat":[784],"product_tag":[],"class_list":{"0":"post-27406","1":"product","2":"type-product","3":"status-publish","4":"has-post-thumbnail","6":"product_cat-fontaneria","8":"first","9":"instock","10":"taxable","11":"shipping-taxable","12":"purchasable","13":"product-type-simple"},"_links":{"self":[{"href":"https:\/\/ferreticamx.com\/index.php\/wp-json\/wp\/v2\/product\/27406","targetHints":{"allow":["GET"]}}],"collection":[{"href":"https:\/\/ferreticamx.com\/index.php\/wp-json\/wp\/v2\/product"}],"about":[{"href":"https:\/\/ferreticamx.com\/index.php\/wp-json\/wp\/v2\/types\/product"}],"replies":[{"embeddable":true,"href":"https:\/\/ferreticamx.com\/index.php\/wp-json\/wp\/v2\/comments?post=27406"}],"wp:featuredmedia":[{"embeddable":true,"href":"https:\/\/ferreticamx.com\/index.php\/wp-json\/wp\/v2\/media\/27405"}],"wp:attachment":[{"href":"https:\/\/ferreticamx.com\/index.php\/wp-json\/wp\/v2\/media?parent=27406"}],"wp:term":[{"taxonomy":"product_brand","embeddable":true,"href":"https:\/\/ferreticamx.com\/index.php\/wp-json\/wp\/v2\/product_brand?post=27406"},{"taxonomy":"product_cat","embeddable":true,"href":"https:\/\/ferreticamx.com\/index.php\/wp-json\/wp\/v2\/product_cat?post=27406"},{"taxonomy":"product_tag","embeddable":true,"href":"https:\/\/ferreticamx.com\/index.php\/wp-json\/wp\/v2\/product_tag?post=27406"}],"curies":[{"name":"wp","href":"https:\/\/api.w.org\/{rel}","templated":true}]}}