{"id":27729,"date":"2024-12-19T02:21:37","date_gmt":"2024-12-19T02:21:37","guid":{"rendered":"https:\/\/ferreticamx.com\/index.php\/producto\/placas-con-contacto-duplex-falla-a-tierra-gfci-icft-linea-italiana-armada-2\/"},"modified":"2024-12-19T02:21:37","modified_gmt":"2024-12-19T02:21:37","slug":"placas-con-contacto-duplex-falla-a-tierra-gfci-icft-linea-italiana-armada-2","status":"publish","type":"product","link":"https:\/\/ferreticamx.com\/index.php\/producto\/placas-con-contacto-duplex-falla-a-tierra-gfci-icft-linea-italiana-armada-2\/","title":{"rendered":"Placas con contacto d\u00faplex falla a tierra GFCI (ICFT), L\u00ednea italiana armada"},"content":{"rendered":"<p>Placas con contacto d\u00faplex falla a tierra GFCI (ICFT), L\u00ednea italiana armada<\/p>\n","protected":false},"excerpt":{"rendered":"<p>Placas con contacto d\u00faplex falla a tierra GFCI (ICFT), L\u00ednea italiana armada<\/p>\n","protected":false},"featured_media":27728,"comment_status":"open","ping_status":"closed","template":"","meta":{"_et_pb_use_builder":"","_et_pb_old_content":"","_et_gb_content_width":""},"product_brand":[],"product_cat":[528],"product_tag":[],"class_list":{"0":"post-27729","1":"product","2":"type-product","3":"status-publish","4":"has-post-thumbnail","6":"product_cat-contactos","8":"first","9":"instock","10":"taxable","11":"shipping-taxable","12":"purchasable","13":"product-type-simple"},"_links":{"self":[{"href":"https:\/\/ferreticamx.com\/index.php\/wp-json\/wp\/v2\/product\/27729","targetHints":{"allow":["GET"]}}],"collection":[{"href":"https:\/\/ferreticamx.com\/index.php\/wp-json\/wp\/v2\/product"}],"about":[{"href":"https:\/\/ferreticamx.com\/index.php\/wp-json\/wp\/v2\/types\/product"}],"replies":[{"embeddable":true,"href":"https:\/\/ferreticamx.com\/index.php\/wp-json\/wp\/v2\/comments?post=27729"}],"wp:featuredmedia":[{"embeddable":true,"href":"https:\/\/ferreticamx.com\/index.php\/wp-json\/wp\/v2\/media\/27728"}],"wp:attachment":[{"href":"https:\/\/ferreticamx.com\/index.php\/wp-json\/wp\/v2\/media?parent=27729"}],"wp:term":[{"taxonomy":"product_brand","embeddable":true,"href":"https:\/\/ferreticamx.com\/index.php\/wp-json\/wp\/v2\/product_brand?post=27729"},{"taxonomy":"product_cat","embeddable":true,"href":"https:\/\/ferreticamx.com\/index.php\/wp-json\/wp\/v2\/product_cat?post=27729"},{"taxonomy":"product_tag","embeddable":true,"href":"https:\/\/ferreticamx.com\/index.php\/wp-json\/wp\/v2\/product_tag?post=27729"}],"curies":[{"name":"wp","href":"https:\/\/api.w.org\/{rel}","templated":true}]}}